 - (-7 - -9)) + -6?
1
0 + (6 - (-6 - (-2 - 7)))
3
What is 5 + 3 + -6 + 3?
5
What is the value of (-10 - -6) + 11 - 6?
1
Evaluate 3 + 5 + (-3 - 4) - 4.
-3
Calculate 5 - ((-5 - -5) + (5 - 4)).
4
What is the value of 6 - (5 - 3 - -6 - -3)?
-5
What is -5 - 1 - (-3 - 2)?
-1
Calculate (-8 - -4) + 7 + -3.
0
-3 + 2 + 1 - -3 - -1
4
What is 0 + -6 - (-14 + 8)?
0
What is the value of (-3 - 1 - 0) + (1 - -2)?
-1
-1 - (10 - (-10 + 16))
-5
What is 20 + -13 - (-2 - -9)?
0
4 - (4 + -11 + 20)
-9
(32 - 23) + -9 + -2
-2
-9 + -11 + 9 + 7
-4
Calculate -6 + (5 - 3) - -3.
-1
Calculate -4 + (3 - -7) + -1 + -1.
4
-6 - -2 - (1 + -2 - 1)
-2
What is the value of -5 + -2 + (-24 - -25)?
-6
What is (4 - 6) + (-1 - -5)?
2
Evaluate (-18 - -10 - -12) + -4.
0
Calculate 3 - -8 - (9 - (-1 + 6)).
7
What is 4 + (-5 - (-8 + -3 + 4))?
6
What is -7 - (6 - (-7 - -17))?
-3
(2 - -1) + 1 + -1 + 1
4
What is the value of (5 - 14) + 0 - -7 - 6?
-8
What is the value of -18 + 22 - (-5 + 2 + 13)?
-6
0 + (-3 - 1) + 8 + 1
5
Evaluate -2 + (-6 - 0) + (5 - 0).
-3
What is the value of (-9 - -3) + (-1 - -2)?
-5
What is the value of 0 - 4 - (2 - 9) - 5?
-2
Calculate 6 - (-1 - -13) - (-4 - 1).
-1
3 + 4 - (-36 + 43)
0
What is the value of (-3 - -5) + -1 + 1 + -5?
-3
Evaluate (1 - 3) + (-37 - -34).
-5
Calculate -2 + 1 - 1 - 1 - -1.
-2
Evaluate -2 + 6 + -12 + 12.
4
Evaluate (-6 - -4 - -1) + -1.
-2
-5 + -1 + 13 + -4
3
What is 19 - 24 - (0 - 8)?
3
What is the value of (0 - -7) + (-6 - -2)?
3
-1 - -2 - (1 - (6 + -11))
-5
Evaluate 0 + -3 - (18 + (1 - 12)).
-10
Calculate 7 - -6 - 2 - 6.
5
What is the value of -1 - (-3 - 0 - (-14 + 13))?
1
What is the value of 2 + 0 + 4 + 1 - 2?
5
-7 + 1 - (24 + -26)
-4
Calculate 2 + (2 - (8 - 6)).
2
What is the value of (-28 - -12) + 21 + (1 - 2)?
4
(-2 - 1) + 2 + 2
1
Evaluate 1 + (-3 - -8 - -3) - 5.
4
What is the value of 14 + (61 + -57 - (0 + 10))?
8
4 - (2 + -4 + 8 + -4)
2
0 - (-3 + -3 + 5)
1
What is -1 - (2 + -1 - (-33 - -31))?
-4
Evaluate 1 + (-3 - -1) + 3.
2
What is 0 + -6 + (-20 - -24)?
-2
What is the value of 9 - 6 - (4 + (-2 - -3))?
-2
What is 3 - 2 - (17 + -13)?
-3
Evaluate 7 + (2 - 4) + 0.
5
What is (4 - 5 - 6) + 5 - -7?
5
What is -1 + 1 + (3 - 1)?
2
Evaluate (2 + -5 - -3 - 3) + -1.
-4
-18 + 5 + 3 - -5
-5
0 + 4 + -5 + -4 + 3
-2
What is 1 + -9 + (-2 - -2 - -5)?
-3
What is 8 + (-6 - (-1 + 3))?
0
What is -11 + 9 - ((4 - 3) + -1)?
-2
Evaluate (-8 - 0) + 26 + -23.
-5
0 + -4 + -3 + 6
-1
(5 - 7) + (0 - 1)
-3
What is -1 - (3 - (-7 + 8))?
-3
Calculate 0 + -5 + 15 + -9.
1
Calculate -1 + 0 + 1 + 0 + -3.
-3
What is 0 - (-3 - -7) - (-3 + -5)?
4
(0 + -1 - -6 - 1) + -3
1
Calculate 7 + -3 + -2 + (-1 - -2).
3
Calculate (-5 - 4) + 11 + -6 - -5.
1
What is -2 + 3 + (7 + -11 - -8)?
5
What is -9 + 9 + -20 - -11?
-9
Calculate -1 - ((2 + -1 - -1) + 3).
-6
What is 3 + (-22 - -13) + (0 - 4)?
-10
(-8 - -1) + 1 - (-3 + 2)
-5
Evaluate -1 - (-6 + 17) - -9.
-3
What is the value of 46 + -50 - (0 + 0)?
-4
-9 + -4 - -2 - -3
-8
What is the value of (0 - -2) + -15 + 7 - -2?
-4
(5 - 6) + 3 - 1
1
What is the value of (-11 - -2) + 6 + -2?
-5
Calculate -4 + -6 + 3 - -2.
-5
What is the value of 17 - (20 - (6 - -4))?
7
What is (3 + -1 - 6) + 0?
-4
2 - (-2 - -6 - (8 + -7))
-1
Evaluate 3 + -2 + -1 + (4 - 5).
-1
Evaluate -2 + (3 - 4) + 4 + 4.
5
Calculate (0 - (-1 - (0 + 3))) + -5.
-1
Calculate -1 + (5 - 6 - -6).
4
What is 2 - (3 - 4 - -1) - 2?
0
182 + -189 + -1 + -1
-9
What is the value of (2 - 0 - 3) + -3 + 4?
0
Evaluate (-4 - -2) + -1 + (8 - 2).
3
Calculate -21 - -21 - (3 + -11).
8
What is the value of 0 + 1 + 1 + (-1 - -3)?
4
Calculate 1 - 2 - (-37 - -34).
2
What is -1 - (1 + (-2 - -4))?
-4
What is the value of 6 - (-6 + 3) - (1 - -4)?
4
What is -2 - 2 - (110 - 120)?
6
What is the value of 6 - (-12 + (1 - -8))?
9
Evaluate -3 + (9 - 13) + (4 - 2).
-5
Evaluate 9 + -8 - -4 - 9.
-4
What is the value of 7 + -2 - -5 - 5?
5
Calculate (-17 + 6 - -2) + -2 + 1.
-10
What is -7 + -2 - -15 - 8?
-2
What is 2 + (-5 - -2) + 5?
4
What is -3 - -3 - (2 + (-2 - 2))?
2
What is the value of 3 - (13 - (14 - 5))?
-1
What is the value of 0 - (-3 + 3 + 4)?
-4
Calculate 3 - (1 - -2) - -2.
2
Calculate (5 - 3) + (2 - 9).
-5
Calculate (7 - -4 - 4) + -14 + 9.
2
Calculate 16 - (10 + -4 + 2).
8
Calculate -4 - (-10 + 6 - -4 - 10).
6
What is (-1 - 2) + (9 - 6)?
0
Evaluate -9 + -11 + 7 + 13.
0
Calculate -6 + 2 + 11 + -12.
-5
Evaluate -7 - (-3 - (9 + 2 + -4)).
3
Evaluate 4 + (5 - (-1 - -4)) + -8.
-2
Calculate -85 + 88 + (-1 + 1 - -2).
5
What is the value of 0 - -12 - (90 + -74)?
-4
-12 + -4 + 8 + 8 - -5
5
What is the value of 1 + -5 - (-7 - (-1 - 2))?
0
Evaluate 7 + (4 - 9) + -2.
0
What is 5 + (-9 + 9 - (-2 - -10))?
-3
What is the value of (-8 - -4) + (-3 - -6) - 3?
-4
What is the value of -1 - (-6 - 1) - 1?
5
What is the value of -192 - -192 - (-1 + 7)?
-6
What is (-6 - (0 + -3)) + 6?
3
What is the value of (-3 + -2 - (-3 - 1)) + -2?
-3
What is the value of (-10 - -8) + (7 - 0)?
5
What is 4 + (5 - 7) + 0 + 1?
3
-4 + (3 - (2 - (2 + 1)))
0
What is (0 - 3) + (-5 - -6 - -1)?
-1
What is 4 + (3 - 4 - 5) + 7?
5
What is the value of 2 + -4 + -6 - -3?
-5
Evaluate (10 - (-10 + 22)) + -4.
-6
Evaluate -6 + (-2 - (5 - (19 + -6))).
0
-2 - (33 + -33 + (0 - -5))
-7
What is the value of (3 - 2) + (-8 - -3)?
-4
What is 3 + -8 + (6 - 4)?
-3
What is -43 + 45 + -2 + 0 + 4?
4
What is the value of 17 - (19 + -6 - 4)?
8
What is the value of (0 - 0 - 2) + 3 + -2?
-1
Calculate 6 + 2 + -3 + -2.
3
Calculate 3 + -7 + 3 + -3.
-4
Calculate -5 - (2 - (9 - 3)).
-1
What is 4 - -3 - (-8 - -15)?
0
Evaluate (4 - (3 + 4)) + (-3 - -9).
3
Evaluate -4 - (2 - 0 - 4).
-2
What is the value of (-19 + 7 - -20) + 3?
11
What is 0 + (-4 - -7) + -1?
2
Calculate -2 - (1 + 1) - (-1 + 2).
-5
Calculate -1 - -4 - (-4 + 10 - 2).
-1
9 + -9 - (-2 + 4)
-2
Evaluate (8 - (13 - -6)) + 10.
-1
Calculate (4 - (1 - -7)) + (8 - 1).
3
What is (-11 - -3 - -1) + 9 + -1?
1
9 + (7 - 1 - 12 - -6)
9
(-4 - -2) + (3 - (3 + -1))
-1
What is the value of (-1 - 3 - -2) + 2 + 1?
1
-1 + 1 + 3 + (-4 - 0)
-1
-2 + 0 + 1 + -1 - 1
-3
Evaluate -1 - ((-2 - 7) + 1).
7
8 + 0 + -2 - 3
3
What is the value of (-2 - 0) + 6 + -1?
3
What is the value of -1 + 4 + -5 - (1 + 2)?
-5
(-4 - (-1 - 4)) + 4
5
What is 3 - (-5 - -5 - -5)?
-2
1 + -3 + 0 + 4
2
-3 - (-7 + 4 - -1) - -6
5
What is the value of (1 - (1 + (-3 - 0))) + -3?
0
-11 - -7 - (-3 + 7 - 4)
-4
Evaluate 5 + -7 - (4 + -4 + -3).
1
What is -9 - -2 - (3 + -6) - -5?
1
Calculate -2 - 1 - 1 - -1 - 1.
-4
What is the value of -3 - (-13 + 4 + 3) - 7?
-4
Calculate -5 + 1 + 8 + 5 + -8.
1
What is 3 + (-3 - 2) + 0?
-2
-3 + -3 + 11 + 0
5
What is the value of (-1 - -4) + -6 + -1?
-4
What is 0 + (6 - 15) + 9?
0
What is 4 - (-15 + 10 - (-1 - 4))?
4
Evaluate (10 - (-5 + 14)) + 6.
7
What is the value of -6 + -2 + (-6 - -4 - -15)?
5
Evaluate 9 - (-3 + 17) - -6.
1
What is -17 - (-8 + (-11 - -9))?
-7
What is the value of 8 - (9 + (-9 - -15))?
-7
What is -2 - -9 - (0 - (-17 + 2))?
-8
What is -6 - (7 - (-3 + 21))?
5
What is 21 - (11 - 7 - -9)?
8
What is -6 + 6 + -5 + 1?
-4
What is the value of 1 + 3 + 0 + 1 + 0?
5
What is (1 - 2) + (21 - 6) + -12?
2
Evaluate -1 - (1 + -5 + 2).
1
What is 3 + (-2 - -3 - (5 - 3))?
2
What is (-40 - -13) + 21 - (-1 - 8)?
3
What is the value of 1 + (0 - (1 + -4))?
4
(11 - 3 - 7) + -1 + 6
6
What is 0 + (1 + 6 + -15 - -5)?
-3
Calculate -4 + 2 + 0 + 7.
5
5 + 1 + -1 - -3
8
What is 12 - (-4 + 7) - 7?
2
What is 6 + -1 - (1 + 1)?
3
What is 109 - 109 - (1 + 1)?
-2
-14 - 0 - (-14 + 0)
0
-9 + (1 - (-9 - -6))
-5
What is -1 - (-8 + 2) - 5?
0
What is the value of 31 + -25 - (-2 + 15)?
-7
What is 0 + (3 - -1 - 2) + -2?
0
Evaluate (1 - -5) + (14 - 27).
-7
2 - ((4 - -1) + -1)
-2
Calculate 1 + (-2 - -2) + (1 - 1).
1
What is 19 + -7 + (-16 - -12)?
8
What is the value of -4 + (1 + (11 - 1) - 3)?
4
What is the value of 1 + (-1 - (3 - 3))?
0
-2 + (3 - 8) + 0
-7
Evaluate -91 + 102 + -1 + (-3 - -2).
9
Calculate -2 - -3 - ((-4 - -1) + 2).
2
What is the value of 6 - ((3 - 2) + 7)?
-2
What is -5 - (-2 + -12) - 4?
5
5 + (5 - 3) + -2
5
Calculate 1 + -5 + -3 + 12.
5
(-2 - 2) + (-14 - -12)
-6
What is the value of 8 + (-11 - -4) + (1 - -3)?
5
What is the value of -3 + (8 + -6 - -5) - 4?
0
Evaluate 1 + -6 - (-6 - -8 - 3).
-4
What is -10 + (-5 - -1) + -2 + 14?
-2
What is the value of 3 - (-3 - (-9 - -2))?
-1
